{"version":"1.0","provider_name":"Ayuntamiento de Blanca","provider_url":"https:\/\/blanca.es\/nuevaweb","author_name":"Comunicaci\u00f3n","author_url":"https:\/\/blanca.es\/nuevaweb\/author\/comunicacion\/","title":"Blanca acoge ma\u00f1ana su primer encierro de toros - Ayuntamiento de Blanca","type":"rich","width":600,"height":338,"html":"<blockquote class=\"wp-embedded-content\" data-secret=\"P2VplD1CRO\"><a href=\"https:\/\/blanca.es\/nuevaweb\/blanca-acoge-manana-primer-encierro-toros\/\">Blanca acoge ma\u00f1ana su primer encierro de toros<\/a><\/blockquote><iframe sandbox=\"allow-scripts\" security=\"restricted\" src=\"https:\/\/blanca.es\/nuevaweb\/blanca-acoge-manana-primer-encierro-toros\/embed\/#?secret=P2VplD1CRO\" width=\"600\" height=\"338\" title=\"\u00abBlanca acoge ma\u00f1ana su primer encierro de toros\u00bb \u2014 Ayuntamiento de Blanca\" data-secret=\"P2VplD1CRO\" frameborder=\"0\" marginwidth=\"0\" marginheight=\"0\" scrolling=\"no\" class=\"wp-embedded-content\"><\/iframe><script>\n\/*! This file is auto-generated *\/\n!function(d,l){\"use strict\";l.querySelector&&d.addEventListener&&\"undefined\"!=typeof URL&&(d.wp=d.wp||{},d.wp.receiveEmbedMessage||(d.wp.receiveEmbedMessage=function(e){var t=e.data;if((t||t.secret||t.message||t.value)&&!\/[^a-zA-Z0-9]\/.test(t.secret)){for(var s,r,n,a=l.querySelectorAll('iframe[data-secret=\"'+t.secret+'\"]'),o=l.querySelectorAll('blockquote[data-secret=\"'+t.secret+'\"]'),c=new RegExp(\"^https?:$\",\"i\"),i=0;i<o.length;i++)o[i].style.display=\"none\";for(i=0;i<a.length;i++)s=a[i],e.source===s.contentWindow&&(s.removeAttribute(\"style\"),\"height\"===t.message?(1e3<(r=parseInt(t.value,10))?r=1e3:~~r<200&&(r=200),s.height=r):\"link\"===t.message&&(r=new URL(s.getAttribute(\"src\")),n=new URL(t.value),c.test(n.protocol))&&n.host===r.host&&l.activeElement===s&&(d.top.location.href=t.value))}},d.addEventListener(\"message\",d.wp.receiveEmbedMessage,!1),l.addEventListener(\"DOMContentLoaded\",function(){for(var e,t,s=l.querySelectorAll(\"iframe.wp-embedded-content\"),r=0;r<s.length;r++)(t=(e=s[r]).getAttribute(\"data-secret\"))||(t=Math.random().toString(36).substring(2,12),e.src+=\"#?secret=\"+t,e.setAttribute(\"data-secret\",t)),e.contentWindow.postMessage({message:\"ready\",secret:t},\"*\")},!1)))}(window,document);\n\/\/# sourceURL=https:\/\/blanca.es\/nuevaweb\/wp-includes\/js\/wp-embed.min.js\n<\/script>\n","thumbnail_url":"https:\/\/blanca.es\/nuevaweb\/wp-content\/uploads\/2017\/02\/Encierro-392-x-420.jpg","thumbnail_width":392,"thumbnail_height":420,"description":"Los astados de la ganader\u00eda gaditana El Torero protagonizar\u00e1n el primer encierro de toros que se celebra en este municipio Todo est\u00e1 preparado en Blanca para celebrar el primer encierro de toros en la localidad. Siendo un municipio de una gran tradici\u00f3n taurina, con su encierro de la feria de agosto declarado de Inter\u00e9s Tur\u00edstico [&hellip;]"}

Comunicación

Blanca acoge mañana su primer encierro de toros - Ayuntamiento de Blanca

<blockquote class="wp-embedded-content" data-secret="P2VplD1CRO"><a href="https://blanca.es/nuevaweb/blanca-acoge-manana-primer-encierro-toros/">Blanca acoge mañana su primer encierro de toros</a></blockquote><iframe sandbox="allow-scripts" security="restricted" src="https://blanca.es/nuevaweb/blanca-acoge-manana-primer-encierro-toros/embed/#?secret=P2VplD1CRO" width="600" height="338" title="«Blanca acoge mañana su primer encierro de toros» — Ayuntamiento de Blanca" data-secret="P2VplD1CRO" frameborder="0" marginwidth="0" marginheight="0" scrolling="no" class="wp-embedded-content"></iframe><script>
/*! This file is auto-generated */
!function(d,l){"use strict";l.querySelector&&d.addEventListener&&"undefined"!=typeof URL&&(d.wp=d.wp||{},d.wp.receiveEmbedMessage||(d.wp.receiveEmbedMessage=function(e){var t=e.data;if((t||t.secret||t.message||t.value)&&!/[^a-zA-Z0-9]/.test(t.secret)){for(var s,r,n,a=l.querySelectorAll('iframe[data-secret="'+t.secret+'"]'),o=l.querySelectorAll('blockquote[data-secret="'+t.secret+'"]'),c=new RegExp("^https?:$","i"),i=0;i<o.length;i++)o[i].style.display="none";for(i=0;i<a.length;i++)s=a[i],e.source===s.contentWindow&&(s.removeAttribute("style"),"height"===t.message?(1e3<(r=parseInt(t.value,10))?r=1e3:~~r<200&&(r=200),s.height=r):"link"===t.message&&(r=new URL(s.getAttribute("src")),n=new URL(t.value),c.test(n.protocol))&&n.host===r.host&&l.activeElement===s&&(d.top.location.href=t.value))}},d.addEventListener("message",d.wp.receiveEmbedMessage,!1),l.addEventListener("DOMContentLoaded",function(){for(var e,t,s=l.querySelectorAll("iframe.wp-embedded-content"),r=0;r<s.length;r++)(t=(e=s[r]).getAttribute("data-secret"))||(t=Math.random().toString(36).substring(2,12),e.src+="#?secret="+t,e.setAttribute("data-secret",t)),e.contentWindow.postMessage({message:"ready",secret:t},"*")},!1)))}(window,document);
//# sourceURL=https://blanca.es/nuevaweb/wp-includes/js/wp-embed.min.js
</script>

Los astados de la ganadería gaditana El Torero protagonizarán el primer encierro de toros que se celebra en este municipio Todo está preparado en Blanca para celebrar el primer encierro de toros en la localidad. Siendo un municipio de una gran tradición taurina, con su encierro de la feria de agosto declarado de Interés Turístico [&hellip;]
